0 is divided by 192?
190
What is the remainder when 413613 is divided by 59087?
4
Calculate the remainder when 888 is divided by 836.
52
What is the remainder when 58276 is divided by 2081?
8
Calculate the remainder when 2470 is divided by 211.
149
Calculate the remainder when 2476 is divided by 1221.
34
What is the remainder when 392942 is divided by 196465?
12
Calculate the remainder when 51164 is divided by 3931.
61
What is the remainder when 729 is divided by 570?
159
Calculate the remainder when 50485 is divided by 532.
477
What is the remainder when 26144 is divided by 4813?
2079
What is the remainder when 4744 is divided by 1171?
60
What is the remainder when 3041 is divided by 74?
7
What is the remainder when 9363 is divided by 3086?
105
What is the remainder when 1728 is divided by 134?
120
What is the remainder when 4713 is divided by 163?
149
Calculate the remainder when 1317 is divided by 437.
6
What is the remainder when 261715 is divided by 13085?
15
Calculate the remainder when 34015 is divided by 81.
76
Calculate the remainder when 23544 is divided by 872.
0
What is the remainder when 3328 is divided by 2009?
1319
What is the remainder when 621887 is divided by 237?
236
What is the remainder when 288294 is divided by 58?
34
What is the remainder when 7558 is divided by 7362?
196
What is the remainder when 422997 is divided by 225?
222
What is the remainder when 413 is divided by 344?
69
Calculate the remainder when 657 is divided by 102.
45
Calculate the remainder when 2083 is divided by 154.
81
Calculate the remainder when 21879 is divided by 561.
0
What is the remainder when 478926 is divided by 23?
20
What is the remainder when 178908 is divided by 23?
14
Calculate the remainder when 6265 is divided by 22.
17
Calculate the remainder when 166606 is divided by 78.
76
What is the remainder when 406019 is divided by 201?
200
What is the remainder when 56330 is divided by 671?
637
What is the remainder when 36011 is divided by 305?
21
What is the remainder when 427780 is divided by 1567?
1556
Calculate the remainder when 6571 is divided by 21.
19
Calculate the remainder when 78533 is divided by 1353.
59
What is the remainder when 5357 is divided by 232?
21
Calculate the remainder when 456182 is divided by 557.
556
What is the remainder when 1282681 is divided by 590?
21
What is the remainder when 51885 is divided by 368?
365
What is the remainder when 9695 is divided by 53?
49
Calculate the remainder when 1313 is divided by 61.
32
Calculate the remainder when 58188 is divided by 19306.
270
What is the remainder when 13811 is divided by 235?
181
What is the remainder when 11668 is divided by 1942?
16
Calculate the remainder when 294474 is divided by 259.
250
Calculate the remainder when 864 is divided by 143.
6
What is the remainder when 32729 is divided by 8180?
9
What is the remainder when 3182 is divided by 452?
18
What is the remainder when 27265 is divided by 2881?
1336
What is the remainder when 1397 is divided by 283?
265
What is the remainder when 469497 is divided by 4429?
23
What is the remainder when 30274 is divided by 137?
134
Calculate the remainder when 7992 is divided by 1146.
1116
What is the remainder when 872286 is divided by 7330?
16
Calculate the remainder when 13349 is divided by 6673.
3
Calculate the remainder when 5230 is divided by 37.
13
What is the remainder when 1698 is divided by 34?
32
What is the remainder when 3288 is divided by 1638?
12
Calculate the remainder when 2114 is divided by 251.
106
What is the remainder when 832226 is divided by 70?
66
Calculate the remainder when 48450 is divided by 39.
12
What is the remainder when 317356 is divided by 214?
208
What is the remainder when 15434 is divided by 4909?
707
Calculate the remainder when 1711 is divided by 277.
49
What is the remainder when 1740 is divided by 193?
3
Calculate the remainder when 975023 is divided by 72.
71
What is the remainder when 17592 is divided by 157?
8
What is the remainder when 547797 is divided by 132?
129
What is the remainder when 66727 is divided by 20?
7
Calculate the remainder when 185394 is divided by 303.
261
Calculate the remainder when 1164 is divided by 1009.
155
Calculate the remainder when 10419 is divided by 98.
31
Calculate the remainder when 208839 is divided by 13052.
7
Calculate the remainder when 144486 is divided by 845.
836
What is the remainder when 16298 is divided by 4072?
10
Calculate the remainder when 110098 is divided by 49.
44
Calculate the remainder when 12731817 is divided by 15.
12
Calculate the remainder when 15770 is divided by 5247.
29
Calculate the remainder when 9961 is divided by 525.
511
Calculate the remainder when 473195 is divided by 321.
41
Calculate the remainder when 14341 is divided by 14185.
156
What is the remainder when 18438 is divided by 56?
14
What is the remainder when 52588 is divided by 13118?
116
What is the remainder when 12431 is divided by 1240?
31
Calculate the remainder when 100802 is divided by 129.
53
What is the remainder when 1148958 is divided by 215?
213
Calculate the remainder when 11193 is divided by 507.
39
What is the remainder when 2169 is divided by 1306?
863
What is the remainder when 6406 is divided by 1584?
70
What is the remainder when 9914 is divided by 3278?
80
What is the remainder when 87 is divided by 61?
26
What is the remainder when 5746 is divided by 929?
172
Calculate the remainder when 10238 is divided by 22.
8
What is the remainder when 327240 is divided by 770?
760
What is the remainder when 214 is divided by 120?
94
Calculate the remainder when 9775 is divided by 3236.
67
What is the remainder when 19961 is divided by 6652?
5
What is the remainder when 8194 is divided by 631?
622
What is the remainder when 94431 is divided by 26?
25
Calculate the remainder when 31496 is divided by 127.
0
What is the remainder when 864 is divided by 421?
22
Calculate the remainder when 224413 is divided by 85.
13
Calculate the remainder when 144371 is divided by 525.
521
Calculate the remainder when 4259515 is divided by 17.
12
Calculate the remainder when 4622 is divided by 232.
214
What is the remainder when 81173 is divided by 291?
275
What is the remainder when 152765 is divided by 209?
195
Calculate the remainder when 78758 is divided by 27.
26
What is the remainder when 810 is divided by 567?
243
What is the remainder when 964 is divided by 14?
12
What is the remainder when 10711 is divided by 235?
136
Calculate the remainder when 3875 is divided by 3357.
518
Calculate the remainder when 731082 is divided by 772.
770
What is the remainder when 282566 is divided by 94188?
2
What is the remainder when 10910 is divided by 586?
362
What is the remainder when 30641 is divided by 32?
17
Calculate the remainder when 10635 is divided by 222.
201
Calculate the remainder when 275182 is divided by 48.
46
Calculate the remainder when 16169 is divided by 142.
123
Calculate the remainder when 93853 is divided by 31259.
76
Calculate the remainder when 2689 is divided by 109.
73
Calculate the remainder when 33264 is divided by 639.
36
Calculate the remainder when 6957 is divided by 136.
21
Calculate the remainder when 13221 is divided by 1279.
431
What is the remainder when 6240 is divided by 5539?
701
Calculate the remainder when 21745 is divided by 808.
737
What is the remainder when 74228 is divided by 663?
635
What is the remainder when 6007 is divided by 122?
29
Calculate the remainder when 6234 is divided by 39.
33
Calculate the remainder when 12757 is divided by 6355.
47
Calculate the remainder when 5623 is divided by 1427.
1342
Calculate the remainder when 6752 is divided by 421.
16
Calculate the remainder when 10106 is divided by 296.
42
Calculate the remainder when 63479 is divided by 21157.
8
Calculate the remainder when 1672 is divided by 65.
47
What is the remainder when 4183 is divided by 126?
25
What is the remainder when 64811 is divided by 2160?
11
Calculate the remainder when 5193 is divided by 124.
109
What is the remainder when 3365 is divided by 1669?
27
Calculate the remainder when 12026 is divided by 925.
1
Calculate the remainder when 3527 is divided by 2622.
905
What is the remainder when 5086 is divided by 5082?
4
Calculate the r